) = -17*f**3 - f - 1. Let r be -2*2/30 - 78/90. Calculate l(r).
17
Let f(h) be the first derivative of -3*h + 4*h - h**2 + 2 + 2 - 2 + h**4. Give f(1).
3
Let i(m) = 4*m**3. Let j(f) = f + 20. Let o(w) = w - 1. Suppose 6*y - 4 = 10*y. Let r(q) = y*j(q) - o(q). Let p be r(-9). Calculate i(p).
-4
Let d(f) = 10475 + f - 10463 - 3*f. Determine d(11).
-10
Let w(n) = -n + 28. Let l be w(25). Let r(y) = -981*y**l - 1 + y + 987*y**3 - y**2 + 0*y + 0*y. Let v = 1 + 0. Calculate r(v).
5
Let z = 43 - 41. Let s(f) = f**2 - 7 - 2*f + z + f**3 + 3 - f. Calculate s(-2).
0
Let o(x) = -6*x + 2. Let h(w) = 62*w - 52. Let b(u) = h(u) + 10*o(u). Calculate b(19).
6
Suppose s - 2*t = 28, 2*s + t + 53 = 4*s. Let n = s - 23. Let a(g) = -n - 3*g - 1 + 4 - 4. What is a(-3)?
5
Let r(t) = -t**2 + 2*t + 2. Let p be r(4). Let f(b) = -4*b**2 - 11*b - 3. Let k(u) = u**2 + u. Let y(x) = f(x) + 3*k(x). Give y(p).
9
Let b be (3/(-4))/(1/(-4)). Let k(o) = -4*o**3 + 2*o**2 - b*o**2 + 4*o**3 - 2*o + o**3 - 1. Calculate k(2).
-1
Let r(j) be the first derivative of -j**5/60 - j**4/6 + j**3/2 - 13*j**2/2 + 16. Let w(n) be the second derivative of r(n). What is w(2)?
-9
Let p(z) = 13*z**2 + 0 - 4 - 14*z**2 - 6*z. Let j = 0 - 0. Suppose 2*o = 2*m + 2, -5*m - 5*o - 45 = -j*m. Determine p(m).
1
Let p be ((-69)/15)/(-1) + 24/60. Let y(c) be the third derivative of 0 - c**2 + 0*c + c**3 - 7/24*c**4 + 1/120*c**6 - 1/15*c**5. Determine y(p).
-4
Let a = -45 + 55. Let w(l) = -3*l**3 - a + 2*l**3 + 2*l**3 + 3 - l. Calculate w(0).
-7
Let i(a) be the second derivative of -a**3/2 - 3*a**2/2 + 247*a. What is i(-5)?
12
Suppose 2 = 5*x - 23. Let c(y) = -3*y**3 - 2*y + x*y**3 - y**3 + 0*y**3 - 3*y**2. Let z be ((-4)/(-3))/((-3)/(-9)). What is c(z)?
8
Let b(s) = -14*s + 900*s**2 + 17 - 453*s**2 - 448*s**2. Give b(-13).
30
Let f(n) be the first derivative of -n**4/4 + 2*n**3 - 7*n**2/2 - 1. Suppose -18 = -i + 2*c - 3, -10 = i + 3*c. Calculate f(i).
-10
Let c be (0 + -1)*(2 + -3). Let v(l) = -3*l + 2*l + 57361*l**2 - 57356*l**2. Give v(c).
4
Let i(m) be the first derivative of 35*m**2/2 + 44. Let a(d) = 7*d. Let x be (2/5)/(2/(-10)). Let q(g) = x*i(g) + 11*a(g). What is q(-2)?
-14
Suppose 0 = -5*o - 10, -3*a - 6 = -5*o - 25. Let y = a + -8. Let n = y + 7. Let l(j) = j**2 - 3*j. What is l(n)?
-2
Let s(g) = 2*g**2 - 1 + 3 + 3 + 7*g - g**2. Let u be 0 + (2 - 1)*-4. What is s(u)?
-7
Let g(k) = k - 5. Let m(p) = -p**2 + 4. Let r be m(0). Suppose -3*f + 5*j = -113, r = -j - 0*j. Let i = f - 24. Determine g(i).
2
Let m(h) = h**2 - 8*h + 5. Suppose -50*t + t = -441. Determine m(t).
14
Let k(b) = b**3 - 10*b**2 + 10*b - 10. Let f(z) = -z**2 + 30*z + 73. Let o be f(32). Give k(o).
-1
Let t(c) = -c - 1. Let n be t(-7). Let f(z) be the third derivative of -z**6/120 + 2*z**5/15 - 3*z**4/8 + 3*z**2 - 4*z - 29. Determine f(n).
18
Let g(k) = 5 - 4*k**2 + 4*k**2 + k + 3*k**2 - 4*k**2. Let r(n) = n**3 + 6*n**2 + 5*n - 6. Let m be r(-5). Let p = 6 + m. What is g(p)?
5
Suppose r + 12 = 5*a - 3*a, -5*a + 5 = 0. Let l = 3 + r. Let c(h) = -2*h + 154*h**2 + 10 - 4*h - 155*h**2. Calculate c(l).
3
Let w(o) = 36 + o - 14 + 7*o**2 - 10 - 13. Determine w(1).
7
Let y(h) = h**2 + 13*h - 9. Suppose -20*u + 12*u = 104. Determine y(u).
-9
Suppose 2*u = -3*u. Suppose -i = -w - 13, -3*i - i + 2*w + 42 = u. Let r(y) = -y - 6 + i*y - 6*y. Determine r(4).
-2
Suppose -2*m + 16 = -4*m - 4*i, 44 = -3*m + 4*i. Let t = -14 - m. Let o be t/(-5) - 98/70. Let y(v) = -v + 1. Calculate y(o).
2
Let i(r) be the third derivative of -r**7/840 + r**6/45 - 7*r**5/120 + r**4/8 + 8*r**3/3 + 3*r**2. Let g(a) be the first derivative of i(a). What is g(7)?
3
Let d(s) = -s**3 - 5*s**2 + 16*s + 6. Let h = 731 + -738. What is d(h)?
-8
Let v(g) be the first derivative of g**3/3 - 5*g**2/2 - 2*g - 1. Let w be (-2 + 9 + -6)/((-1)/(-4)). Let h be v(w). Let i(f) = f**2 + 6*f - 5. Give i(h).
-5
Let o be ((-40)/(-25))/(2/5). Let v(p) = -5*p + 0 - 2 - 57*p**2 + 58*p**2. Calculate v(o).
-6
Let x = -14 + 24. Suppose -4*t + x*w = 5*w - 6, w = -2. Let s be (3 - (-3 - -8)) + t. Let b(u) = -2*u. Determine b(s).
6
Let s(o) = -57*o**3 + 7 - 17*o**3 - 11*o**2 + 2*o + 73*o**3. Give s(-11).
-15
Let b(n) = n**3 - 12*n**2 + 2. Let p be b(12). Suppose -20 + 8 = -p*h. Let t(c) = c**2 - 6*c + 5. Give t(h).
5
Let m(n) = -n + 1. Let p(q) = q**3 - 8*q**2 + 2*q + 11. Let d(u) = 5*m(u) - p(u). Let j be (1 - 22/(-6))*105/70. What is d(j)?
-6
Let k(o) = o**2. Let w(u) = -4*u + 4*u**2 - 14*u**2 - 4 + 3*u**2 + 3*u**2. Suppose -5*a = -3*n - 9, 0 = -3*a + n - 5 + 12. Let y(s) = a*k(s) + w(s). Give y(-5).
-9
Let g be -1 + -2 + 0 + (4 - 0). Let l(v) = v**2 - 6*v - 3. Let y be l(7). Let a(u) = -2*u + 1 + u - y*u. Give a(g).
-4
Suppose 3 - 15 = -3*w. Let v(b) = 4 - 2 - 3*b - 3*b**3 + b**2 + 4*b**2 + 2*b**3. Calculate v(w).
6
Let h(z) = 5*z**2 + z - 5. Let p(m) = -12*m**2 - m + 11. Let g(v) = 7*h(v) + 3*p(v). Calculate g(4).
-2
Let n(p) be the first derivative of 161*p + 2*p**2 - 36 + 0*p**2 - 160*p. What is n(-2)?
-7
Let j(f) = -3 + 2*f - f**3 - 5 - 470*f**2 + 2 + 4 + 472*f**2. Determine j(-2).
10
Let c(m) = -m**3 - 13*m**2 + 15*m + 11. Let l = -872 - -858. Give c(l).
-3
Suppose m = -2*v + 4*v - 9, 4*v - 33 = -m. Let g(b) be the third derivative of b**6/120 - b**5/10 - 7*b**4/24 - 2*b**3/3 - 1239*b**2. What is g(v)?
-4
Let o(f) = 5*f + 3. Suppose -j - 70 - 38 = -2*i, -5*i + 260 = -5*j. Let v be (-34)/8 + 14/i. Give o(v).
-17
Let v(k) be the third derivative of 0*k - 1/24*k**4 - 18*k**2 + 0 + 1/2*k**3. Give v(3).
0
Let t(r) = -130*r + 125*r - 3*r**2 + r**2 - 6 + 3. Give t(-3).
-6
Suppose 3*w - 18 = -0*w. Let k(p) be the first derivative of 0*p**2 - 2*p**3 - 8*p + 1/4*p**4 + 4. Determine k(w).
-8
Let q(t) = -5*t + 11. Let x(i) = -4*i + 11. Let g(k) = -2*q(k) + 3*x(k). Let y be g(6). Let a(u) = 5*u**3 + 2*u**2 - 1. What is a(y)?
-4
Let w(f) = -f**3 + 19*f**2 + 21*f - 12. Let l be w(20). Let z(a) = -a**3 + 9*a**2 - 4*a - 5. Determine z(l).
27
Let p(v) = v**3 - 3*v**2 + 3*v. Let m be p(2). Suppose -m = -2*f + 4*f. Let c(w) = -15*w - 14. Let y(z) = -5*z - 5. Let b(l) = 4*c(l) - 11*y(l). Calculate b(f).
4
Let x(s) = 15*s + 1. Let b = -263 + 184. Let p = -80 - b. What is x(p)?
-14
Let r(m) = 3*m**2 - 1. Let i be 2 + (-48)/8 - -3. Determine r(i).
2
Let r(p) = -10*p**2 - 2*p**2 + 7 + 11*p**2 + 7*p. Calculate r(7).
7
Let u = -5 - 0. Let o(l) = -l + 0*l**2 + 7*l + 19 - 8 + l**2. Let r be o(u). Let w(y) = 2*y - 6. Calculate w(r).
6
Suppose -4*k + 0*k + 5*d = -173, 2*k - 85 = d. Suppose -38*p - 16 = -k*p. Let s(i) = -i**3 + 3*i**2 + 3*i - 1. What is s(p)?
-5
Let l(p) = p**2 - 7*p - 5. Suppose -43*n = -47*n + 24. Calculate l(n).
-11
Let p(u) = 2*u**3 + u**2 - 2*u + 3. Let g(r) = 3*r**3 - 2*r + 3. Let d(t) = -3*g(t) + 4*p(t). Let i be (15 - 4) + -4 - 4. Suppose 1 = i*f - 11. Calculate d(f).
-5
Let g(w) = -w**2 - w - 3. Let j = 152 - 84. Let t = j - 71. Give g(t).
-9
Let y(p) = -2*p**2 + p + 1. Let v(k) = k**3 + 7*k**2 + 8*k + 2. Let r(s) = v(s) - y(s). What is r(-8)?
9
Let v(n) be the second derivative of -n**6/720 - 7*n**5/120 + n**4/2 - 36*n. Let y(z) be the third derivative of v(z). Give y(-10).
3
Suppose 2*g - 2*v = 3*v + 5, -v + 23 = 2*g. Suppose -20 = 2*j - g. Let k(n) = n**2 + 4*n - 7. Give k(j).
-2
Let a(f) = 2 - 2*f**3 + f**3 + 4*f - 1 - f**2. Let z(o) = o**2 + 2*o - 25. Let t be z(5). Suppose -27 = -g + t*g. What is a(g)?
7
Suppose -52*y + 18*y + 204 = 0. Let v(p) be the third derivative of 1/6*p**3 + 0 - y*p**2 + 1/24*p**4 + 0*p. What is v(-4)?
-3
Let l be 2 + -1 - -1 - 3. Let n(w) = -19*w**3 + w**2 + w + 1. Determine n(l).
20
Let l(b) = 8*b**2 - 3*b - 4. Let z(o) = 4*o**2 - 2*o - 8. Let x(r) = r**2 + 1. Let q(v) = 5*x(v) + z(v). Let y(g) = 4*l(g) - 5*q(g). Determine y(-1).
-12
Suppose 8*m = 2*m - 12. Let h(r) = 4*r**3 - 2*r**2 - 2*r - 2. Give h(m).
-38
Let k(o) = 14*o + 15. Let m(r) = 9*r + 5. Let j(z) = -55*z - 30. Let f(t) = -4*j(t) - 25*m(t). Let d(g) = -8*f(g) - 3*k(g). Give d(-7).
9
Let z(w) be the second derivative of w**6/120 + 7*w**5/60 + 5*w**4/24 + 3*w**3/2 - 4*w**2 + 3*w. Let r(b) be the first derivative of z(b). Give r(-6).
15
Let o(k) be the first derivative of 2*k - 3. Let j(x) be the second derivative of -x**3/6 - 2*x**2 - 29*x. Let y(p) = 2*j(p) + 6*o(p). Determine y(5).
-6
Let g(a) = -3*